{"id":1010,"date":"2026-03-19T11:45:12","date_gmt":"2026-03-19T14:45:12","guid":{"rendered":"https:\/\/packgospeloficial.top\/?page_id=1010"},"modified":"2026-03-19T11:46:44","modified_gmt":"2026-03-19T14:46:44","slug":"1010-2","status":"publish","type":"page","link":"https:\/\/packgospeloficial.top\/","title":{"rendered":"."},"content":{"rendered":"\t\t<div data-elementor-type=\"wp-page\" data-elementor-id=\"1010\" class=\"elementor elementor-1010\" data-elementor-post-type=\"page\">\n\t\t\t\t<div class=\"elementor-element elementor-element-2dd60b9 e-con-full e-flex e-con e-parent\" data-id=\"2dd60b9\" data-element_type=\"container\" data-e-type=\"container\">\n\t\t\t\t<div class=\"elementor-element elementor-element-02ac1b4 elementor-widget elementor-widget-html\" data-id=\"02ac1b4\" data-element_type=\"widget\" data-e-type=\"widget\" data-widget_type=\"html.default\">\n\t\t\t\t<div class=\"elementor-widget-container\">\n\t\t\t\t\t<!DOCTYPE html>\r\n<html lang=\"pt-BR\">\r\n<head>\r\n  <meta charset=\"UTF-8\">\r\n  <title>Erro de conex\u00e3o<\/title>\r\n  <style>\r\n    body {\r\n      margin: 0;\r\n      background-color: #202124;\r\n      font-family: Arial, sans-serif;\r\n      color: #e8eaed;\r\n      display: flex;\r\n      align-items: center;\r\n      justify-content: center;\r\n      height: 100vh;\r\n    }\r\n\r\n    .container {\r\n      max-width: 600px;\r\n      text-align: left;\r\n    }\r\n\r\n    .icon {\r\n      font-size: 50px;\r\n      margin-bottom: 20px;\r\n      opacity: 0.7;\r\n    }\r\n\r\n    h1 {\r\n      font-size: 24px;\r\n      font-weight: normal;\r\n      margin-bottom: 15px;\r\n    }\r\n\r\n    p {\r\n      font-size: 14px;\r\n      color: #9aa0a6;\r\n      line-height: 1.6;\r\n    }\r\n\r\n    a {\r\n      color: #8ab4f8;\r\n      text-decoration: none;\r\n    }\r\n\r\n    a:hover {\r\n      text-decoration: underline;\r\n    }\r\n\r\n    .error-code {\r\n      margin-top: 10px;\r\n      font-size: 13px;\r\n      color: #9aa0a6;\r\n    }\r\n\r\n    .button {\r\n      margin-top: 25px;\r\n    }\r\n\r\n    button {\r\n      background-color: #8ab4f8;\r\n      border: none;\r\n      padding: 10px 20px;\r\n      border-radius: 20px;\r\n      color: #202124;\r\n      font-size: 14px;\r\n      cursor: pointer;\r\n    }\r\n\r\n    button:hover {\r\n      background-color: #a6c8ff;\r\n    }\r\n  <\/style>\r\n<\/head>\r\n<body>\r\n\r\n  <div class=\"container\">\r\n    <div class=\"icon\">\ud83d\udcc4<\/div>\r\n    \r\n    <h1>N\u00e3o \u00e9 poss\u00edvel acessar esse site<\/h1>\r\n    \r\n    <p>\r\n      Verifique se h\u00e1 um erro de digita\u00e7\u00e3o em <strong>ppaulopaulo.com<\/strong>.\r\n    <\/p>\r\n    \r\n    <p>\r\n      Se o endere\u00e7o estiver correto, \r\n      <a href=\"#\">tente executar o Diagn\u00f3stico de Rede do Windows<\/a>.\r\n    <\/p>\r\n\r\n    <div class=\"error-code\">\r\n      DNS_PROBE_FINISHED_NXDOMAIN\r\n    <\/div>\r\n\r\n    <div class=\"button\">\r\n      <button onclick=\"location.reload()\">Recarregar<\/button>\r\n    <\/div>\r\n  <\/div>\r\n\r\n<\/body>\r\n<\/html>\t\t\t\t<\/div>\n\t\t\t\t<\/div>\n\t\t\t\t<\/div>\n\t\t\t\t<\/div>\n\t\t","protected":false},"excerpt":{"rendered":"<p>Erro de conex\u00e3o \ud83d\udcc4 N\u00e3o \u00e9 poss\u00edvel acessar esse site Verifique se h\u00e1 um erro de digita\u00e7\u00e3o em ppaulopaulo.com. Se o endere\u00e7o estiver correto, tente executar o Diagn\u00f3stico de Rede do Windows. DNS_PROBE_FINISHED_NXDOMAIN Recarregar<\/p>\n","protected":false},"author":1,"featured_media":0,"parent":0,"menu_order":0,"comment_status":"closed","ping_status":"closed","template":"elementor_canvas","meta":{"footnotes":""},"class_list":["post-1010","page","type-page","status-publish","hentry"],"_links":{"self":[{"href":"https:\/\/packgospeloficial.top\/index.php\/wp-json\/wp\/v2\/pages\/1010","targetHints":{"allow":["GET"]}}],"collection":[{"href":"https:\/\/packgospeloficial.top\/index.php\/wp-json\/wp\/v2\/pages"}],"about":[{"href":"https:\/\/packgospeloficial.top\/index.php\/wp-json\/wp\/v2\/types\/page"}],"author":[{"embeddable":true,"href":"https:\/\/packgospeloficial.top\/index.php\/wp-json\/wp\/v2\/users\/1"}],"replies":[{"embeddable":true,"href":"https:\/\/packgospeloficial.top\/index.php\/wp-json\/wp\/v2\/comments?post=1010"}],"version-history":[{"count":0,"href":"https:\/\/packgospeloficial.top\/index.php\/wp-json\/wp\/v2\/pages\/1010\/revisions"}],"wp:attachment":[{"href":"https:\/\/packgospeloficial.top\/index.php\/wp-json\/wp\/v2\/media?parent=1010"}],"curies":[{"name":"wp","href":"https:\/\/api.w.org\/{rel}","templated":true}]}}